Let k be z(-1). Let u = -9 - k. Suppose u = n, -5*n - 11 = -5*i + 34. What are the prime factors of i?
2, 7
Let u(k) = -k + 3. Let a = -10 + 10. Let j be u(a). Suppose j*p - 5*p + 14 = 0. What are the prime factors of p?
7
Let y = 9 - 6. Let i be (4/3 + 3)*y. Let v = 7 + i. List the prime factors of v.
2, 5
Let q(t) = -t**3 - 13*t**2 - 12*t - 4. Let x be q(-12). What are the prime factors of -502*(-2)/12 + x/(-12)?
2, 3, 7
What are the prime factors of (3640/(-14))/(10/(-95))?
2, 5, 13, 19
Let n = 46 - -141. List the prime factors of n.
11, 17
Let v be -1*60/(-14) + 16/(-56). Suppose -3*y = j + j - 247, -3*y - v*j = -251. What are the prime factors of y?
3
Let g(z) = 2*z**3 + 27*z**2 - 5*z - 22. List the prime factors of g(-12).
2, 5, 47
List the prime factors of (-3325 + -9 - 3)*-1.
47, 71
Let s(v) = -v**3 - v + 8. Let w be s(0). Suppose 6*g - w = 2*g. What are the prime factors of (-5 - -4)/(g/(-40))?
2, 5
List the prime factors of (-35)/25 - (-8177)/5.
2, 19, 43
Let l(h) = -h**3 - h**2 - h - 1. Let y(v) = -4*v**3 - 24*v**2 - 11*v - 15. Let q(r) = 2*l(r) - y(r). List the prime factors of q(-10).
3, 41
Let m be (3*-2)/(6/(-4)*1). Suppose -3*t + m*h = -97, -3*t + 2*t - 4*h + 43 = 0. List the prime factors of t.
5, 7
Let u(k) = -k**3 - k. Let a be u(0). Suppose -3*o + 4*v + 364 = a, 475 = 5*o - o + 5*v. What are the prime factors of o?
2, 3, 5
Suppose -2*l = w - 450, 4*l + 3*w - 334 = 564. List the prime factors of l.
2, 113
Let x(p) = p**3 + 6*p**2 - p - 6. Let u be x(-6). Let g = u - -11. Suppose o = -f, -o + 3*f + 5 = -g. List the prime factors of o.
2
List the prime factors of 24/(-372) - (-46161)/31.
1489
Let r = 1447 + -979. List the prime factors of r/(-24)*(-4)/1.
2, 3, 13
Suppose -2*g + 5*a = -57, -3*g + a - 377 = -443. Suppose 7 + 8 = -3*n. Let o = g - n. What are the prime factors of o?
2, 13
Let y(c) = -c**3 + c**2 + 903. List the prime factors of y(0).
3, 7, 43
Let b(q) = -q**3 + 7*q**2 - 7*q + 3. Let s be b(6). Let z = 8 + s. Suppose -z*w + 81 = -79. What are the prime factors of w?
2
Let f = -109 + 63. Let d = -42 - f. What are the prime factors of d?
2
Suppose -5*w - 2 = t, -w - 16 - 24 = -2*t. Let r = t - 12. Let j(z) = -z**3 + 7*z**2 - 4. What are the prime factors of j(r)?
2
Let v = 2 + -96. Let s = 224 + v. List the prime factors of s.
2, 5, 13
Let c be (-3 + 17)*2/4. Let f(u) = 8*u**2 - 5 - c*u + 5 - u**3 + 1. What are the prime factors of f(6)?
31
Suppose -118*j + 117*j + 245 = 0. What are the prime factors of j?
5, 7
Let f(z) = 35*z - 123. What are the prime factors of f(12)?
3, 11
Let r(o) = o**2 + 6*o - 18. Let u be r(-10). Suppose -u = -2*p + 2. What are the prime factors of -4*(-4 + (-69)/p)?
3, 13
Let h(r) = r**2 + r + 1. Let g(a) = a**2 - 8*a - 14. Let c(y) = -g(y) + 2*h(y). List the prime factors of c(-9).
7
Suppose 5*z = 4*y - 7, 2*z + 1 - 3 = 0. Suppose -4*l - y*r + 177 = 795, -2*r - 776 = 5*l. What are the prime factors of (-2)/(8/l*3)?
13
Let y(g) = 3*g + 71. Let b be y(-22). Suppose i = -5*w - 2*i + 12, b*w - i = 16. What are the prime factors of w?
3
Suppose 0 = -10*m + 11*m - 4. Suppose 0 = 2*b - m*b + 10. Let p = 13 - b. What are the prime factors of p?
2
Suppose 174 = 3*x - 9*x. Let y = 37 + x. List the prime factors of y.
2
Let q = 2227 - 1081. What are the prime factors of q?
2, 3, 191
Suppose 6*s + 24 = -0. Let n(l) = 4*l**2 + 5*l - 1. Let p be n(s). Suppose 3*z + 3*h - p = 62, -2*h - 115 = -3*z. List the prime factors of z.
37
Let b(d) = 5*d + 25. Let w be b(10). List the prime factors of (-14)/5*w/(-10).
3, 7
Suppose 0 = -17*z + 19*z - 344. Let n = z + -115. What are the prime factors of n?
3, 19
Let t be (-2)/(2/16*-2). Suppose -t = 4*a + c, 4*a = -c - 2*c - 16. What are the prime factors of (8/20)/(a/(-35))?
2, 7
Let w = -45 - -23. Let d = -17 - w. List the prime factors of d.
5
Let m be (8/(-3))/(30/(-1755)). Let d = m + 86. List the prime factors of d.
2, 11
Let y(h) = -h**3 + 24*h**2 - 35*h + 13. List the prime factors of y(8).
757
Let g be (-8)/20 - (-748)/20. Suppose 0 = g*i - 34*i - 918. List the prime factors of i.
2, 3, 17
Suppose -6*v + 3*v - 2*f = -1170, 4*v = 2*f + 1574. Suppose 4*k - v = -4*k. What are the prime factors of k?
7
Suppose 3*d = 2*o + 1885, -5*o - 1311 = -4*d + 1214. Suppose 2*u = -3*u + d. Suppose 5*y = -0*y + u. List the prime factors of y.
5
Let j(u) = u**2 + u - 41. Let r = 9 + -9. Let d be j(r). Let w = -23 - d. List the prime factors of w.
2, 3
Suppose -16031 = -8*r - 5455. List the prime factors of r.
2, 661
Suppose -1 = -u + d, 0*u + 2*u + 3*d - 7 = 0. Suppose -4*t + 442 - u = 0. What are the prime factors of t?
2, 5, 11
Let l = 881 + -450. List the prime factors of l.
431
Let b(w) = w + 1. Let k be b(5). Suppose -3*t - f = -412, -t + k*t - 687 = -2*f. List the prime factors of t.
137
Suppose 0 = n - 2*z - 108, -3*z + 13 = -2. Suppose 0 = 2*t + 24 - n. What are the prime factors of t?
47
Let z = -3 + 9. Let h be z/14 - 85/35. What are the prime factors of (18/(-54))/(h/108)?
2, 3
Suppose -3*h = 2*s - 2720 - 265, 0 = -h - 2*s + 999. What are the prime factors of h?
3, 331
List the prime factors of (3 + -7)/2 + 754.
2, 47
Let p be (-496)/48 - ((-4)/(-6) + -1). List the prime factors of ((-24)/p)/(15/100).
2
Suppose 3*n - 17 = 49. Let d = 49 - n. What are the prime factors of d?
3
Suppose 56*y = -0*y + 59864. What are the prime factors of y?
1069
Let k = 36 - 38. What are the prime factors of k/(-4) - 548/(-8)?
3, 23
Suppose 0 = 5*j + 2*m - 326, j - 2*j = 4*m - 76. Suppose j*w - 62*w - 222 = 0. What are the prime factors of w?
3, 37
Let t = -15 + 17. Suppose 4*d + 78 = -q + 309, t*d - 113 = -3*q. What are the prime factors of d?
2, 29
Let n be 1/(-2)*2 + 16. Suppose w - 1 = -2*m - 6, 4*m = -w - n. What are the prime factors of w?
5
Let v = 1 - 2. Let g(a) = -a - 1. Let j(c) = 2*c + 3. Let t(q) = 6*g(q) + 2*j(q). What are the prime factors of t(v)?
2
Let g = 202 + -295. Let i(u) = -4*u + 62. Let z be i(-18). Let l = z + g. What are the prime factors of l?
41
Suppose 4*g - 20 = 0, -298 = -u - 5*g + 423. List the prime factors of u.
2, 3, 29
Suppose 4*k - 4*j + 12 = 0, -2*k = -7*j + 4*j + 7. Let v(c) = -27*c - 3. What are the prime factors of v(k)?
3, 17
What are the prime factors of 306786/114 - 16/152?
3, 13, 23
Let m be (12/16)/3 - (-2)/(-8). Suppose -4*x - 5*o + 309 = m, 237 = 3*x + 4*o - 2*o. What are the prime factors of x?
3
Let l(p) = 42*p**2 + 12*p - 27. List the prime factors of l(2).
3, 5, 11
Let h = 569 + -413. What are the prime factors of h?
2, 3, 13
Let d be (26/6)/(1*1/3). Let q = d - -12. What are the prime factors of q?
5
Let w(c) = c + 3. Let a be w(-3). Suppose -3*s = -a*s - 204. Suppose 2*l + 5*r = 59, s = 5*l - 4*r - 30. List the prime factors of l.
2, 11
Let l(c) = -c**3 + 3*c**2 + 3*c - 2. Let f be l(3). Suppose 53 = 4*w - f. What are the prime factors of w?
3, 5
Suppose -5*n + 88 = 18. Suppose -n = -s + 20. List the prime factors of s.
2, 17
Let w = -114 - -116. Suppose -4*f = f, w*p - 3*f = 460. List the prime factors of p.
2, 5, 23
Suppose 120*q - 119*q = 564. List the prime factors of q.
2, 3, 47
Let n = -135 - -133. List the prime factors of (-3)/((-9)/(-132)*n/13).
2, 11, 13
Let f = 6 + -6. Suppose f = -l - 2*o + 5*o - 3, l + 4*o = 11. Suppose 116 = 3*n - l*t + t, 0 = -n - 4*t + 62. What are the prime factors of n?
2, 3, 7
Let i(g) = 56*g**2 - 74*g - 312. What are the prime factors of i(-4)?
2, 5, 11
Let s = -14 + 4. Let b = s - -27. Suppose -2*u = -89 + b. What are the prime factors of u?
2, 3
Let p(m) = -m**2 + 12*m + 16. Let w(i) = 13*i**3 + 2*i**2 - 2*i. Let a be w(1). Let g be p(a). What are the prime factors of (-1 - g - -62) + 0?
2, 29
Let k be 4/(-10) - ((-6)/(-10) + -1). Suppose -b + 45 = 3*y - 25, k = b + y - 70. What are the prime factors of b?
2, 5, 7
Let r = 63 - -14. Let j = -30 + r. What are the prime factors of j?
47
Let r be (1 - 3)/((-2)/(-91)). Let l = -51 - r. Let h = l + -13. What are the prime factors of h?
3
Let b(y) be the second derivative of -y**5/20 - y**4/4 - y**3/2 + 4*y. Let i be b(-3). List the prime factors of (1 - (2 - 3)) + i.
11
Suppose -167*g = -173*g + 3630. What are the prime factors of g?
5, 11
Let b(c) = c**2 - 6*c - 4. Let l be b(7). Let v = l + -1. Suppose -v*w = w - 48. List the prime factors of 